o base 8.
-15063036
863795 (base 10) to base 16
d2e33
2d326 (base 16) to base 15
39cbb
What is -4302242 (base 5) in base 4?
-101220011
11218535 (base 9) to base 16
5316da
ccc36 (base 13) to base 8
1324741
Convert -11010110011010 (base 2) to base 6.
-143310
What is -6064022 (base 7) in base 12?
-2a9788
223146 (base 8) to base 9
124340
2b2159 (base 14) to base 7
15532542
Convert -677426 (base 8) to base 6.
-4524502
-2227938 (base 11) to base 12
-1383989
3245514 (base 6) to base 10
161974
Convert -12dd85 (base 15) to base 14.
-198a50
Convert -20200212222 (base 3) to base 4.
-200030123
Convert -420405 (base 7) to base 5.
-4302411
What is 3686a (base 12) in base 16?
12052
What is -637a (base 14) in base 8?
-41410
Convert 3050265 (base 7) to base 11.
22a337
What is 3667344 (base 9) in base 11?
1141714
223508 (base 9) to base 7
1065101
What is 50a968 (base 13) in base 15?
2720b2
Convert 54a00 (base 11) to base 8.
233573
What is -21101303230 (base 4) in base 5?
-1110312421
Convert -34616120 (base 7) to base 5.
-1234442324
What is -1577435 (base 10) in base 12?
-640a4b
What is 303100002230 (base 4) in base 8?
63200254
-215427 (base 10) to base 8
-644603
What is 2020303103 (base 4) in base 12?
23032b
Convert -64ef6b (base 16) to base 8.
-31167553
What is 24c435 (base 14) in base 10?
1263071
What is 2306051 (base 7) in base 9?
477722
Convert -96831b (base 13) to base 4.
-31132011212
What is 2035d (base 15) in base 14?
29269
-11130313033 (base 4) to base 10
-1428943
Convert -1000010010111111100 (base 2) to base 9.
-453835
Convert 514641 (base 7) to base 4.
111201003
What is -100001100110000 (base 2) in base 3?
-212121001
9641960 (base 10) to base 13
1cc7903
Convert 1b62b (base 13) to base 16.
d213
Convert 111133114 (base 6) to base 10.
2018566
-1883197 (base 10) to base 12
-769991
Convert -5442540 (base 6) to base 14.
-70684
Convert -1034433 (base 6) to base 3.
-2121202010
What is 1101110010001001110010 (base 2) in base 15?
4b5918
What is -4808610 (base 10) in base 7?
-55605162
-445041 (base 8) to base 11
-a2809
Convert 32984 (base 16) to base 14.
55748
3231411 (base 5) to base 11
38550
What is -1001011111010001 (base 2) in base 9?
-58273
-487640 (base 10) to base 2
-1110111000011011000
-646969 (base 11) to base 16
-fc724
21010200211 (base 3) to base 6
3002204
Convert 10451642 (base 7) to base 14.
197359
1655641 (base 7) to base 3
102210222101
Convert -1201103310 (base 4) to base 16.
-614f4
27859 (base 10) to base 12
14157
Convert -3155906 (base 10) to base 5.
-1301442111
-1024332200 (base 5) to base 11
-1261492
What is 24230133 (base 5) in base 6?
4510314
What is -3022003000 (base 4) in base 8?
-3120300
What is -22022100133 (base 4) in base 9?
-5008514
Convert 48d36 (base 16) to base 4.
1020310312
-314204223 (base 5) to base 2
-101000010000110010001
What is -1d059 (base 14) in base 10?
-74167
What is 25a3ac7 (base 13) in base 3?
211012201020021
110440 (base 10) to base 9
177441
What is -52663320 (base 7) in base 5?
-2121010301
What is -110022100 (base 3) in base 4?
-2030031
Convert 49491 (base 14) to base 7.
1344441
Convert 1319902 (base 13) to base 10.
5990545
-41415 (base 7) to base 12
-5a63
-22707265 (base 8) to base 6
-254044405
What is 110011110010001100 (base 2) in base 8?
636214
Convert 1101000100111001101000 (base 2) to base 10.
3427944
-213d4 (base 15) to base 14
-2a639
157016 (base 9) to base 11
66947
-1000101000001101100111 (base 2) to base 6
-120251331
Convert 2dd6c (base 14) to base 2.
11100000111001100
1101010110111000001 (base 2) to base 6
13214213
What is -262920 (base 12) in base 10?
-626856
What is 5433141 (base 6) in base 14?
7004d
What is -340606 (base 11) in base 4?
-2010123301
What is 1020411 (base 6) in base 9?
74677
What is 32011003 (base 4) in base 14?
17031
What is eaf4 (base 16) in base 7?
340234
What is -1175e3 (base 15) in base 6?
-25521323
Convert -1031050414 (base 6) to base 5.
-10302031134
Convert -19699 (base 10) to base 2.
-100110011110011
Convert 177375 (base 11) to base 16.
42b94
737aa (base 11) to base 3
12110101112
-1bb71 (base 12) to base 15
-c40d
Convert -111666014 (base 7) to base 9.
-13748735
Convert 43729 (base 11) to base 9.
106013
Convert -9b181b (base 13) to base 7.
-43050515
122347 (base 9) to base 16
120bb
What is 1212002230 (base 4) in base 9?
706304
What is 11111111101001000 (base 2) in base 11?
8a37a
Convert 7a324b (base 13) to base 8.
13017605
What is -4486437 (base 10) in base 11?
-25947aa
Convert -410953 (base 13) to base 6.
-52251214
Convert 1000011111001110000 (base 2) to base 16.
43e70
-100011011011101011 (base 2) to base 4
-203123223
-1000000111110100011100 (base 2) to base 3
-11000011200112
What is -6d602 (base 15) in base 9?
-581632
What is 3152854 (base 11) in base 6?
315002340
What is 72502534 (base 8) in base 14?
2081220
7359 (base 12) to base 11
9512
What is -445137 (base 9) in base 16?
-40fd8
-12590 (base 12) to base 7
-132642
What is 1440030142 (base 5) in base 4?
32213010133
Convert -1380b57 (base 12) to base 10.
-3900019
What is 22120313 (base 4) in base 14?
11715
What is 20211000220220 (base 3) in base 14?
6a414c
Convert 116058a (base 11) to base 10.
2021161
Convert -1319123 (base 10) to base 8.
-5020323
-102581 (base 10) to base 2
-11001000010110101
5347a7 (base 14) to base 13
7781aa
Convert 9303303 (base 10) to base 8.
43372407
What is -56741 (base 11) in base 2?
-10100000010100011
Convert -2015413 (base 6) to base 9.
-155420
What is 1110111100100011101101 (base 2) in base 16?
3bc8ed
Convert 318d9 (base 14) to base 11.
81a75
What is -1b145e (base 16) in base 2?
-110110001010001011110
-37106b (base 16) to base 13
-994720
-157775 (base 8) to base 3
-2220122202
What is -9513 (base 12) in base 16?
-3f9f
Convert -22121012211112 (base 3) to base 16.
-45be55
99439 (base 12) to base 8
614055
What is 4530235 (base 6) in base 7?
1644026
What is -1900953 (base 10) in base 4?
-13100012121
What is a96bb8 (base 16) in base 4?
222112232320
-34440432 (base 5) to base 11
-1a344a
What is 30690 (base 13) in base 2?
10101001100011110
107350 (base 10) to base 9
173227
Convert -3299162 (base 10) to base 7.
-40020356
Convert -2213412214 (base 5) to base 12.
-1748952
Convert -110111111001101 (base 2) to base 9.
-43231
What is -3250133 (base 8) in base 15?
-1237e4
What is 4403140 (base 8) in base 10?
1181280
Convert 265153 (base 7) to base 3.
2112100021
What is -12256503 (base 7) in base 11?
-696591
24343044 (base 5) to base 9
381813
100230110222 (base 4) to base 8
20542452
Convert -230050333 (base 6) to base 8.
-20026121
-500770 (base 9) to base 14
-79b7d
2446216 (base 7) to base 5
40024144
What is 1704424 (base 9) in base 5?
220314141
20101120000 (base 3) to base 7
1032513
-11504 (base 7) to base 5
-43433
Convert 21202210002221 (base 3) to base 4.
33300011233
Convert -67060 (base 11) to base 3.
-11221101002
2b0a39 (base 13) to base 12
43067b
-10210001111 (base 3) to base 9
-123044
8545db (base 14) to base 16
44c4c5
101101011000101011010 (base 2) to base 14
2a9da2
-1678451 (base 9) to base 15
-137d44
Convert -2040331 (base 5) to base 4.
-20100301
Convert 1010110110111101000 (base 2) to base 3.
200002002101
1b196c (base 13) to base 14
13d29a
Convert 1034012132 (base 5) to base 6.
120124525
90806 (base 10) to base 15
1bd8b
4b999c (base 15) to base 3
20211021012110
-104b77 (base 15) to base 5
-144303322
What is -24112210 (base 6) in base 3?
-1102102010220
Convert 5a33f9 (base 16) to base 2.
10110100011001111111001
Convert -84581 (base 13) to base 7.
-2011352
Convert -1444632 (base 8) to base 15.
-82158
Convert -123333410 (base 6) to base 13.
-663a50
-296536 (base 14) to base 4
-11133102210
11110100011100101 (base 2) to base 6
2403233
What is -679d (base 14) in base 11?
-12561
What is -9967 (base 10) in base 5?
-304332
Convert -17873 (base 16) to base 11.
-66450
What is -203001202 (base 5) in base 15?
-115652
-35833 (base 11) to base 5
-3122312
What is -2330036 (base 10) in base 14?
-4491d2
What is -13460621 (base 7) in base 2?
-100110011001111000001
What is 5210303 (base 10) in base 8?
23700277
What is 114020033 (base 7) in base 6?
411222342
2022311434 (base 5) to base 3
21201111121210
-110380 (base 13) to base 4
-1201301101
-173201 (base 8) to base 6
-1204053
-114411150 (base 6) to base 8
-10237452
What i